e remainder when 16835 is divided by 266.
77
Calculate the remainder when 7637611 is divided by 58.
55
What is the remainder when 103447 is divided by 397?
227
What is the remainder when 2094 is divided by 17?
3
Calculate the remainder when 36025 is divided by 1064.
913
Calculate the remainder when 169906 is divided by 1268.
1262
What is the remainder when 324441 is divided by 162210?
21
Calculate the remainder when 34421 is divided by 107.
74
What is the remainder when 557323 is divided by 197?
10
Calculate the remainder when 82172 is divided by 43.
42
Calculate the remainder when 13344 is divided by 3335.
4
What is the remainder when 18957 is divided by 499?
494
Calculate the remainder when 605 is divided by 291.
23
Calculate the remainder when 469385 is divided by 234690.
5
What is the remainder when 33459 is divided by 249?
93
Calculate the remainder when 79601 is divided by 26471.
188
Calculate the remainder when 3098 is divided by 1044.
1010
Calculate the remainder when 80228 is divided by 47.
46
What is the remainder when 80167 is divided by 167?
7
What is the remainder when 313904 is divided by 80?
64
What is the remainder when 11616 is divided by 414?
24
Calculate the remainder when 375540 is divided by 299.
295
What is the remainder when 3075 is divided by 73?
9
Calculate the remainder when 2711 is divided by 195.
176
What is the remainder when 19467 is divided by 31?
30
What is the remainder when 59082 is divided by 896?
842
Calculate the remainder when 254824 is divided by 13.
11
What is the remainder when 6493 is divided by 141?
7
What is the remainder when 41431 is divided by 345?
31
What is the remainder when 64562 is divided by 272?
98
Calculate the remainder when 46386 is divided by 875.
11
What is the remainder when 858759 is divided by 56?
55
What is the remainder when 8001 is divided by 668?
653
Calculate the remainder when 46382 is divided by 11592.
14
What is the remainder when 2146 is divided by 1726?
420
Calculate the remainder when 6075 is divided by 1913.
336
What is the remainder when 345 is divided by 131?
83
What is the remainder when 1717 is divided by 138?
61
Calculate the remainder when 1189 is divided by 14.
13
Calculate the remainder when 1429937 is divided by 10.
7
What is the remainder when 2712 is divided by 42?
24
What is the remainder when 551734 is divided by 582?
580
Calculate the remainder when 230 is divided by 112.
6
Calculate the remainder when 10103 is divided by 47.
45
Calculate the remainder when 3485758 is divided by 320.
318
What is the remainder when 34600 is divided by 1117?
1090
What is the remainder when 9698 is divided by 220?
18
Calculate the remainder when 2720 is divided by 257.
150
What is the remainder when 91036 is divided by 79?
28
Calculate the remainder when 10993 is divided by 5478.
37
What is the remainder when 83108 is divided by 3613?
9
Calculate the remainder when 61126 is divided by 20347.
85
Calculate the remainder when 303780 is divided by 327.
324
Calculate the remainder when 10222 is divided by 129.
31
Calculate the remainder when 267860 is divided by 26785.
10
What is the remainder when 173594 is divided by 16?
10
What is the remainder when 12058 is divided by 201?
199
Calculate the remainder when 4198 is divided by 24.
22
What is the remainder when 25011 is divided by 7?
0
Calculate the remainder when 100075 is divided by 495.
85
Calculate the remainder when 458015 is divided by 39.
38
What is the remainder when 24794 is divided by 992?
986
Calculate the remainder when 140499 is divided by 644.
107
What is the remainder when 846 is divided by 421?
4
What is the remainder when 12225 is divided by 27?
21
Calculate the remainder when 45610 is divided by 196.
138
What is the remainder when 108 is divided by 17?
6
Calculate the remainder when 46588 is divided by 669.
427
What is the remainder when 12477 is divided by 3113?
25
What is the remainder when 134 is divided by 30?
14
Calculate the remainder when 1172 is divided by 12.
8
What is the remainder when 8606 is divided by 118?
110
Calculate the remainder when 1770 is divided by 578.
36
Calculate the remainder when 12959 is divided by 403.
63
Calculate the remainder when 14212 is divided by 1361.
602
What is the remainder when 1443483 is divided by 22?
19
Calculate the remainder when 154892 is divided by 154868.
24
Calculate the remainder when 326911 is divided by 18.
13
Calculate the remainder when 53513 is divided by 34.
31
Calculate the remainder when 2868 is divided by 954.
6
What is the remainder when 9925 is divided by 451?
3
What is the remainder when 9981 is divided by 4988?
5
What is the remainder when 1283 is divided by 561?
161
Calculate the remainder when 21322 is divided by 10539.
244
What is the remainder when 6663 is divided by 8?
7
Calculate the remainder when 3848 is divided by 558.
500
Calculate the remainder when 6324 is divided by 901.
17
Calculate the remainder when 14335 is divided by 180.
115
What is the remainder when 10285 is divided by 105?
100
What is the remainder when 220352 is divided by 28?
20
What is the remainder when 10312 is divided by 27?
25
What is the remainder when 4815 is divided by 43?
42
Calculate the remainder when 432120 is divided by 29.
20
Calculate the remainder when 19669 is divided by 4909.
33
Calculate the remainder when 20051 is divided by 573.
569
Calculate the remainder when 6063 is divided by 3.
0
Calculate the remainder when 37518 is divided by 40.
38
What is the remainder when 7414 is divided by 7413?
1
What is the remainder when 315532 is divided by 82?
78
Calculate the remainder when 5340 is divided by 16.
12
Calculate the remainder when 1433 is divided by 1421.
12
Calculate the remainder when 29484 is divided by 1455.
384
What is the remainder when 4350 is divided by 313?
281
What is the remainder when 3212 is divided by 225?
62
What is the remainder when 459 is divided by 116?
111
Calculate the remainder when 25 is divided by 7.
4
What is the remainder when 1068715 is divided by 23749?
10
What is the remainder when 34391 is divided by 39?
32
Calculate the remainder when 12296 is divided by 31.
20
Calculate the remainder when 2607674 is divided by 18.
14
What is the remainder when 636 is divided by 241?
154
Calculate the remainder when 2055 is divided by 670.
45
What is the remainder when 5699 is divided by 78?
5
What is the remainder when 9543 is divided by 954?
3
Calculate the remainder when 2859 is divided by 297.
186
What is the remainder when 3744 is divided by 515?
139
Calculate the remainder when 10199 is divided by 554.
227
What is the remainder when 47869 is divided by 2520?
2509
Calculate the remainder when 6599 is divided by 474.
437
What is the remainder when 1496 is divided by 131?
55
What is the remainder when 219 is divided by 145?
74
Calculate the remainder when 802611 is divided by 637.
628
What is the remainder when 32831 is divided by 767?
617
What is the remainder when 354661 is divided by 86?
83
What is the remainder when 67353 is divided by 6116?
77
What is the remainder when 10834 is divided by 285?
4
What is the remainder when 31874 is divided by 2656?
2
Calculate the remainder when 293035 is divided by 99.
94
Calculate the remainder when 7925 is divided by 115.
105
Calculate the remainder when 4094 is divided by 141.
5
What is the remainder when 663232 is divided by 78?
76
What is the remainder when 4404 is divided by 1461?
21
What is the remainder when 15007 is divided by 134?
133
What is the remainder when 955 is divided by 115?
35
Calculate the remainder when 21954 is divided by 5481.
30
What is the remainder when 5965 is divided by 1979?
28
What is the remainder when 4979 is divided by 921?
374
What is the remainder when 13263 is divided by 699?
681
Calculate the remainder when 15996 is divided by 1777.
3
Calculate the remainder when 20735 is divided by 81.
80
What is the remainder when 68429 is divided by 34?
21
Calculate the remainder when 1218994 is divided by 46.
40
What is the remainder when 14424 is divided by 1204?
1180
Calculate the remainder when 14433 is divided by 7211.
11
Calculate the remainder when 249408 is divided by 163.
18
Calculate the remainder when 819038 is divided by 32.
30
What is the remainder when 160081 